{"id":5923,"date":"2021-11-17T23:27:51","date_gmt":"2021-11-17T22:27:51","guid":{"rendered":"https:\/\/cipdonapea.educacion.navarra.es\/web\/?page_id=5923"},"modified":"2026-04-01T14:05:24","modified_gmt":"2026-04-01T12:05:24","slug":"formacion-profesional-para-el-empleo-fpe","status":"publish","type":"page","link":"https:\/\/cipdonapea.educacion.navarra.es\/web\/formacion-profesional-para-el-empleo-fpe\/","title":{"rendered":"Formaci\u00f3n Profesional Continua &#8211; FPC"},"content":{"rendered":"\n<p>La&nbsp;<strong>Formaci\u00f3n Profesional Continua<\/strong> <strong>-FPC-<\/strong> tiene como objetivo capacitar a personas desempleadas y trabajadoras para el desempe\u00f1o cualificado de las diversas profesiones.<\/p>\n\n\n\n<p>La acreditaci\u00f3n obtenida a trav\u00e9s de esta v\u00eda formal de formaci\u00f3n es el Certificado Profesional (CP), de grado C. Todos los CPs se dividen en base a niveles 1 (~GB), 2 (~GM) y 3 (~GS). Los CPs comprenden formaci\u00f3n acad\u00e9mica mediante M\u00f3dulos Formativos (MF) y la realizaci\u00f3n de pr\u00e1cticas en empresa (PNL).<\/p>\n\n\n\n<h3 id=\"oferta-de-fpe-en-donapea\">Oferta actual de FPC en Donapea <\/h3>\n\n\n\n<ul class=\"has-text-color\" style=\"color:#454040\"><li><strong>Administraci\u00f3n y Gesti\u00f3n (ADG):<\/strong> <ul><li><strong>ADGD0308 &#8211; Actividades de gesti\u00f3n administrativa (nivel 2) &#8211; 2025\/2026: <\/strong><ul><li><strong>MF0976_2 &#8211; Operaciones administrativas comerciales: <\/strong>se imparte entre entre el 13\/04\/26 y el 8\/06\/26.<\/li><li><strong>MF0978_2 &#8211; Gesti\u00f3n de archivos:<\/strong> se llevar\u00e1 a cabo entre el 9 y el 29 de junio. <a rel=\"noreferrer noopener\" href=\"https:\/\/administracionelectronica.navarra.es\/EmpleoFormate.Internet\/AccionFormativa?id=22036&amp;aplicacion=EmpleoEntities\" target=\"_blank\">Pulsa aqu\u00ed para inscribirte.<\/a><\/li><li>Los dos MFs restantes se impartir\u00e1n a partir de septiembre.<\/li><\/ul><\/li><\/ul><ul><li><strong>ADGG0508 &#8211; Operaciones de grabaci\u00f3n y tratamiento de datos y documentos (nivel 1) &#8211; 2026<\/strong><ul><li><strong>MF0974_1 &#8211; Tratamiento de datos, textos y documentaci\u00f3n:<\/strong> Se imparte entre el 13\/03\/26 y el 19\/05\/26. <\/li><li><strong>MF0971_1 &#8211; Reproducci\u00f3n y archivo:<\/strong> Se llevar\u00e1 a cabo entre el 20 mayo y el 30 de junio.  <a rel=\"noreferrer noopener\" href=\"https:\/\/administracionelectronica.navarra.es\/EmpleoFormate.Internet\/AccionFormativa?id=22037&amp;aplicacion=EmpleoEntities\" target=\"_blank\">Pulsa aqu\u00ed para inscribirte.<\/a><\/li><li>El MF restante se impartir\u00e1 a partir de septiembre.<\/li><\/ul><\/li><\/ul><\/li><li><strong>Qu\u00edmica (QUI):<\/strong><ul><li><strong>QUIA0111 &#8211; An\u00e1lisis biotecnol\u00f3gico (nivel 3) &#8211; 2024\/2026: <\/strong><ul><li><strong>MF1537_3 &#8211; Bioinform\u00e1tica:<\/strong> Tercer MF. Se imparte entre el 3\/02\/26 y el 19\/05\/26 (martes y jueves).<\/li><\/ul><\/li><\/ul><\/li><li><strong>Transporte y Mantenimiento de Veh\u00edculos (TMV):<\/strong><ul><li><strong>TMVG0109 &#8211; Operaciones auxiliares de mantenimiento en electromec\u00e1nica de veh\u00edculos (nivel 1) &#8211; 2026<\/strong><ul><li><strong>MF0623_1 &#8211; T\u00e9cnicas b\u00e1sicas de mec\u00e1nica de veh\u00edculos:<\/strong> Se imparte entre el 13\/04\/26 y el 4\/05\/26.<\/li><li><strong>MF0620_1 &#8211; Mecanizado b\u00e1sico:<\/strong> Se llevar\u00e1 a cabo entre el 5 y el 25 de mayo. <a rel=\"noreferrer noopener\" href=\"https:\/\/administracionelectronica.navarra.es\/EmpleoFormate.Internet\/AccionFormativa?id=22038&amp;aplicacion=EmpleoEntities\" target=\"_blank\">Pulsa aqu\u00ed para inscribirte.<\/a><\/li><\/ul><\/li><\/ul><ul><li><strong>TMVL0109 &#8211; Operaciones auxiliares de mantenimiento de carrocer\u00edas de veh\u00edculos (nivel 1) &#8211; 2026<\/strong><ul><li><strong>MF0621_1 &#8211; T\u00e9cnicas b\u00e1sicas de sustituci\u00f3n de elementos amovibles:<\/strong> Se imparte entre el 27 de marzo y el 30 de abril. <\/li><li><strong>MF0622_1: T\u00e9cnicas b\u00e1sicas de preparaci\u00f3n de superficies:<\/strong> Se llevar\u00e1 a cabo entre el 4 y el 27 de mayo. <a rel=\"noreferrer noopener\" href=\"https:\/\/administracionelectronica.navarra.es\/EmpleoFormate.Internet\/AccionFormativa?id=22039&amp;aplicacion=EmpleoEntities\" target=\"_blank\">Pulsa aqu\u00ed para inscribirte.<\/a><\/li><\/ul><\/li><\/ul><\/li><\/ul>\n\n\n\n<h3>CPs completados en Donapea entre 03\/2022 y 06\/2026<\/h3>\n\n\n\n<ul class=\"has-text-color\" style=\"color:#161414\"><li>Administrativo:<ul><li>ADGD0108: Gesti\u00f3n contable y gesti\u00f3n administrativa para auditor\u00eda. <em>(1 vez)<\/em> <\/li><li>ADGD0208: Gesti\u00f3n integrada de recursos humanos. <em>(1 vez)<\/em><\/li><li>ADGG0208: Actividades administrativas en la relaci\u00f3n con el cliente. <em>(1 vez)<\/em><\/li><li>ADGD0308: Actividades de gesti\u00f3n administrativa. (<em>1 vez<\/em>)<\/li><li>ADGG0408: Operaciones auxiliares de servicios administrativos y generales. <em>(5 veces)<\/em><\/li><li>ADGG0508: Operaciones de grabaci\u00f3n y tratamiento de datos y documentos. <em>(3 veces)<\/em><\/li><\/ul><\/li><li>Automoci\u00f3n: <ul><li>TMVG0109: Operaciones auxiliares de mantenimiento en electromec\u00e1nica de veh\u00edculos. <em>(3 veces)<\/em><\/li><\/ul><\/li><li>Electr\u00f3nica:<ul><li>ELEQ0111: Operaciones auxiliares de montaje y mantenimiento de equipos el\u00e9ctricos y electr\u00f3nicos. <em>(2 veces)<\/em><\/li><li>ELES0208: Operaciones auxiliares de montaje de instalaciones electrot\u00e9cnicas y de telecomunicaciones en edificios. <em>(1 vez)<\/em><\/li><\/ul><\/li><li>Qu\u00edmica<ul><li>QUIA0111: An\u00e1lisis biotecnol\u00f3gico. <em>(1 vez)<\/em> <\/li><\/ul><\/li><\/ul>\n\n\n\n<h3 id=\"enlaces-de-interes\">Enlaces de inter\u00e9s<\/h3>\n\n\n\n<ul><li><a rel=\"noreferrer noopener\" href=\"https:\/\/administracionelectronica.navarra.es\/EmpleoFormate.Internet\/\" target=\"_blank\">SNE &#8211; Servicio Navarro de Empleo &#8211; Lansare<\/a><\/li><li><a rel=\"noreferrer noopener\" href=\"https:\/\/www.educacion.navarra.es\/web\/dpto\/formacion-profesional-para-el-empleo\" data-type=\"URL\" data-id=\"https:\/\/www.educacion.navarra.es\/web\/dpto\/formacion-profesional-para-el-empleo\" target=\"_blank\">Portal de FPC en Educaci\u00f3n &#8211; Navarra.<\/a><\/li><li><a href=\"https:\/\/www.todofp.es\/que-estudiar\/grados-c.html\">Informaci\u00f3n general en todoFP&nbsp;(MEFP)<\/a><\/li><li><a href=\"https:\/\/www.todofp.es\/dam\/jcr:8f2a81fd-baa8-4e46-b4c5-e92c08103c4f\/repertoriocertificadosprofesionales.pdf\" target=\"_blank\" rel=\"noreferrer noopener\">Repertorio Nacional de Certificados Profesionales<\/a><\/li><\/ul>\n\n\n\n<h3 id=\"contacto\">Contacto<\/h3>\n\n\n\n<p>Para contactar, acude a Vicedirecci\u00f3n (Unai Ijurko) llamando al n\u00ba de tel\u00e9fono 948198653 o escribiendo al correo cipdonapea-fpempleo@educacion.navarra.es.<\/p>\n","protected":false},"excerpt":{"rendered":"<p>La&nbsp;Formaci\u00f3n Profesional Continua -FPC- tiene como objetivo capacitar a personas desempleadas y trabajadoras para el desempe\u00f1o cualificado de las diversas profesiones. La acreditaci\u00f3n obtenida a trav\u00e9s de esta v\u00eda formal de formaci\u00f3n es el Certificado Profesional (CP), de grado C. Todos los CPs se dividen en base a niveles 1 (~GB), 2 (~GM) y 3 [&hellip;]<\/p>\n","protected":false},"author":1,"featured_media":0,"parent":0,"menu_order":0,"comment_status":"closed","ping_status":"closed","template":"","meta":{"_genesis_hide_title":false,"_genesis_hide_breadcrumbs":false,"_genesis_hide_singular_image":false,"_genesis_hide_footer_widgets":false,"_genesis_custom_body_class":"","_genesis_custom_post_class":"","_genesis_layout":""},"_links":{"self":[{"href":"https:\/\/cipdonapea.educacion.navarra.es\/web\/wp-json\/wp\/v2\/pages\/5923"}],"collection":[{"href":"https:\/\/cipdonapea.educacion.navarra.es\/web\/wp-json\/wp\/v2\/pages"}],"about":[{"href":"https:\/\/cipdonapea.educacion.navarra.es\/web\/wp-json\/wp\/v2\/types\/page"}],"author":[{"embeddable":true,"href":"https:\/\/cipdonapea.educacion.navarra.es\/web\/wp-json\/wp\/v2\/users\/1"}],"replies":[{"embeddable":true,"href":"https:\/\/cipdonapea.educacion.navarra.es\/web\/wp-json\/wp\/v2\/comments?post=5923"}],"version-history":[{"count":148,"href":"https:\/\/cipdonapea.educacion.navarra.es\/web\/wp-json\/wp\/v2\/pages\/5923\/revisions"}],"predecessor-version":[{"id":12424,"href":"https:\/\/cipdonapea.educacion.navarra.es\/web\/wp-json\/wp\/v2\/pages\/5923\/revisions\/12424"}],"wp:attachment":[{"href":"https:\/\/cipdonapea.educacion.navarra.es\/web\/wp-json\/wp\/v2\/media?parent=5923"}],"curies":[{"name":"wp","href":"https:\/\/api.w.org\/{rel}","templated":true}]}}