{"id":5788,"date":"2021-11-13T10:41:07","date_gmt":"2021-11-13T09:41:07","guid":{"rendered":"https:\/\/cipdonapea.educacion.navarra.es\/web\/?page_id=5788"},"modified":"2022-09-20T10:58:07","modified_gmt":"2022-09-20T08:58:07","slug":"concurso-literario-una-imagen-mil-historias","status":"publish","type":"page","link":"https:\/\/cipdonapea.educacion.navarra.es\/web\/concurso-literario-una-imagen-mil-historias\/","title":{"rendered":"Concurso literario: \u00abUna imagen, mil historias\u00bb"},"content":{"rendered":"\n<h2 class=\"has-text-align-center has-vivid-red-color has-text-color\"><em>\u00a1300 palabras valen una imagen!<\/em><\/h2>\n\n\n\n<h3 class=\"has-text-align-center has-vivid-cyan-blue-color has-text-color\">Este concurso se llev\u00f3 a cabo el curso pasado 2021-2022 y este curso volver\u00e1 a reeditarse. Estad atent@s!!<\/h3>\n\n\n\n<div class=\"wp-block-image\"><figure class=\"aligncenter size-full is-resized\"><img loading=\"lazy\" src=\"https:\/\/cipdonapea.educacion.navarra.es\/web\/wp-content\/uploads\/2021\/11\/buscamos-bueno.png\" alt=\"\" class=\"wp-image-5801\" width=\"349\" height=\"467\" srcset=\"https:\/\/cipdonapea.educacion.navarra.es\/web\/wp-content\/uploads\/2021\/11\/buscamos-bueno.png 448w, https:\/\/cipdonapea.educacion.navarra.es\/web\/wp-content\/uploads\/2021\/11\/buscamos-bueno-224x300.png 224w\" sizes=\"(max-width: 349px) 100vw, 349px\" \/><\/figure><\/div>\n\n\n\n<p class=\"has-text-align-center has-vivid-red-color has-text-color\">Se trata de un concurso organizado por el departamento de Ingl\u00e9s en el que se presentar\u00e1 un texto literario en cualquiera de los idiomas que imparte el centro: Castellano, Euskera o Ingl\u00e9s.<\/p>\n","protected":false},"excerpt":{"rendered":"<p>\u00a1300 palabras valen una imagen! Este concurso se llev\u00f3 a cabo el curso pasado 2021-2022 y este curso volver\u00e1 a reeditarse. Estad atent@s!! Se trata de un concurso organizado por el departamento de Ingl\u00e9s en el que se presentar\u00e1 un texto literario en cualquiera de los idiomas que imparte el centro: Castellano, Euskera o Ingl\u00e9s.<\/p>\n","protected":false},"author":1,"featured_media":0,"parent":0,"menu_order":0,"comment_status":"closed","ping_status":"closed","template":"","meta":{"_genesis_hide_title":false,"_genesis_hide_breadcrumbs":false,"_genesis_hide_singular_image":false,"_genesis_hide_footer_widgets":false,"_genesis_custom_body_class":"","_genesis_custom_post_class":"","_genesis_layout":""},"_links":{"self":[{"href":"https:\/\/cipdonapea.educacion.navarra.es\/web\/wp-json\/wp\/v2\/pages\/5788"}],"collection":[{"href":"https:\/\/cipdonapea.educacion.navarra.es\/web\/wp-json\/wp\/v2\/pages"}],"about":[{"href":"https:\/\/cipdonapea.educacion.navarra.es\/web\/wp-json\/wp\/v2\/types\/page"}],"author":[{"embeddable":true,"href":"https:\/\/cipdonapea.educacion.navarra.es\/web\/wp-json\/wp\/v2\/users\/1"}],"replies":[{"embeddable":true,"href":"https:\/\/cipdonapea.educacion.navarra.es\/web\/wp-json\/wp\/v2\/comments?post=5788"}],"version-history":[{"count":10,"href":"https:\/\/cipdonapea.educacion.navarra.es\/web\/wp-json\/wp\/v2\/pages\/5788\/revisions"}],"predecessor-version":[{"id":7629,"href":"https:\/\/cipdonapea.educacion.navarra.es\/web\/wp-json\/wp\/v2\/pages\/5788\/revisions\/7629"}],"wp:attachment":[{"href":"https:\/\/cipdonapea.educacion.navarra.es\/web\/wp-json\/wp\/v2\/media?parent=5788"}],"curies":[{"name":"wp","href":"https:\/\/api.w.org\/{rel}","templated":true}]}}