{"id":3952,"date":"2020-03-28T21:49:10","date_gmt":"2020-03-28T21:49:10","guid":{"rendered":"https:\/\/cipdonapea.educacion.navarra.es\/web\/?page_id=3952"},"modified":"2020-05-12T10:56:57","modified_gmt":"2020-05-12T10:56:57","slug":"informacion-covid","status":"publish","type":"page","link":"https:\/\/cipdonapea.educacion.navarra.es\/web\/informacion-covid\/","title":{"rendered":"Informaci\u00f3n Covid"},"content":{"rendered":"\n<p><strong>En cumplimiento de las instrucciones recibidas, el Centro cierra completamente a partir del 30 de marz<\/strong>o. <a rel=\"noreferrer noopener\" aria-label=\"M\u00e1s detalles (se abre en una nueva pesta\u00f1a)\" href=\"\/web?p=3947\" target=\"_blank\">M\u00e1s detalles<\/a><\/p>\n\n\n\n<p><strong>Pr\u00f3xima apertura de periodo de preinscripci\u00f3n el pr\u00f3ximo 25 de mayo:<\/strong><\/p>\n\n\n\n<p>               <a href=\"https:\/\/www.educacion.navarra.es\/web\/dpto\/ciclos-formativos\">Oferta educativa<\/a><\/p>\n\n\n\n<p>               <a href=\"https:\/\/www.navarra.es\/home_es\/Servicios\/ficha\/3134\/Oferta-e-inscripcion-en-ciclos-de-Formacion-Profesional-y-de-Artes-Plasticas-y-Diseno\">Ficha inscripci\u00f3n<\/a><\/p>\n\n\n\n<p><\/p>\n\n\n\n<p><strong>Actualidad Departamento de Educaci\u00f3n:<\/strong>  <a href=\"https:\/\/www.educacion.navarra.es\/eu\/web\/dpto\">https:\/\/www.educacion.navarra.es\/eu\/web\/dpto<\/a><\/p>\n\n\n\n<p><\/p>\n\n\n\n<p><strong><em><a href=\"https:\/\/mailchi.mp\/3bc462d58418\/df7d8fdf\" target=\"_blank\" rel=\"noreferrer noopener\">Nuevo M\u00f3dulo-Proyecto de FCT<\/a> en sustituci\u00f3n de las pr\u00e1cticas en empresas<\/em><\/strong><\/p>\n\n\n\n<p><strong>Noticias EvAU:<\/strong><\/p>\n\n\n\n<p class=\"has-text-align-left\">            Calendario previsto:<a href=\"https:\/\/www.educacion.navarra.es\/eu\/web\/dpto\/-\/navarra-anuncia-su-intencion-de-realizar-las-pruebas-de-evau-entre-el-proximo-22-de-junio-y-finales-del-mes-de-julio\"> Enlace a la noticia Departamento Educaci\u00f3n<\/a><\/p>\n\n\n\n<p>            Informaci\u00f3n UPNA: <a href=\"https:\/\/www.unavarra.es\/estudios\/acceso-y-matricula\/grados\/pruebas-de-acceso-a-la-universidad\/selectividad\">nuevo calendario<\/a><\/p>\n\n\n\n<p>            \u00a1Atenci\u00f3n!: Inminente apertura plazo inscripci\u00f3n, pronto                                                                                       informaremos de las fechas<\/p>\n\n\n\n<p><\/p>\n\n\n\n<p><\/p>\n\n\n\n<p><\/p>\n\n\n\n<p><strong>Pruebas de acceso a ciclos formativos de FP:<\/strong> <a href=\"https:\/\/www.navarra.es\/home_es\/Servicios\/ficha\/3104\/Pruebas-de-acceso-a-ciclos-de-FP-de-Artes-Plasticas-y-Diseno-y-de-Ensenanzas-Deportivas\">M\u00e1s detalles<\/a><\/p>\n\n\n\n<p><\/p>\n\n\n\n<p><\/p>\n","protected":false},"excerpt":{"rendered":"<p>En cumplimiento de las instrucciones recibidas, el Centro cierra completamente a partir del 30 de marzo. M\u00e1s detalles Pr\u00f3xima apertura de periodo de preinscripci\u00f3n el pr\u00f3ximo 25 de mayo: Oferta educativa Ficha inscripci\u00f3n Actualidad Departamento de Educaci\u00f3n: https:\/\/www.educacion.navarra.es\/eu\/web\/dpto Nuevo M\u00f3dulo-Proyecto de FCT en sustituci\u00f3n de las pr\u00e1cticas en empresas Noticias EvAU: Calendario previsto: Enlace a [&hellip;]<\/p>\n","protected":false},"author":22,"featured_media":0,"parent":0,"menu_order":0,"comment_status":"closed","ping_status":"closed","template":"","meta":{"_genesis_hide_title":false,"_genesis_hide_breadcrumbs":false,"_genesis_hide_singular_image":false,"_genesis_hide_footer_widgets":false,"_genesis_custom_body_class":"","_genesis_custom_post_class":"","_genesis_layout":""},"_links":{"self":[{"href":"https:\/\/cipdonapea.educacion.navarra.es\/web\/wp-json\/wp\/v2\/pages\/3952"}],"collection":[{"href":"https:\/\/cipdonapea.educacion.navarra.es\/web\/wp-json\/wp\/v2\/pages"}],"about":[{"href":"https:\/\/cipdonapea.educacion.navarra.es\/web\/wp-json\/wp\/v2\/types\/page"}],"author":[{"embeddable":true,"href":"https:\/\/cipdonapea.educacion.navarra.es\/web\/wp-json\/wp\/v2\/users\/22"}],"replies":[{"embeddable":true,"href":"https:\/\/cipdonapea.educacion.navarra.es\/web\/wp-json\/wp\/v2\/comments?post=3952"}],"version-history":[{"count":25,"href":"https:\/\/cipdonapea.educacion.navarra.es\/web\/wp-json\/wp\/v2\/pages\/3952\/revisions"}],"predecessor-version":[{"id":4118,"href":"https:\/\/cipdonapea.educacion.navarra.es\/web\/wp-json\/wp\/v2\/pages\/3952\/revisions\/4118"}],"wp:attachment":[{"href":"https:\/\/cipdonapea.educacion.navarra.es\/web\/wp-json\/wp\/v2\/media?parent=3952"}],"curies":[{"name":"wp","href":"https:\/\/api.w.org\/{rel}","templated":true}]}}